ppose 3*r = -d + 5, -3*r + 7 = 3*d - 8. What is the highest common factor of d and 25?
5
Suppose 3*v = 12 + 3. What is the greatest common factor of 35 and v?
5
Suppose -8*w + 3*w + 20 = 0. Let f be (-24)/(-5) - w/(-20). Let p = -2 - -4. Calculate the highest common divisor of p and f.
1
Let j(d) = -d**3 + 13*d**2 - d + 22. Let x be j(10). What is the greatest common divisor of 39 and x?
39
Let t(w) = 6*w**2 - w**2 - 2*w**2 + 3*w + 1 - w**2. Let b be t(-3). What is the greatest common divisor of b and 10?
10
Suppose 0 = -3*p + 333 + 18. Let f be (p/(-12))/((-3)/8). Calculate the highest common factor of f and 39.
13
Suppose -5*r = -3*j + 315, -2*j - 4*r + 342 = j. Calculate the highest common factor of j and 22.
22
Let d = 292 + -17. Suppose d = -2*y - 305. Let u be (-2)/8 + y/(-8). What is the highest common factor of 24 and u?
12
Let w = -55 - -79. Calculate the highest common factor of 6 and w.
6
Let i be 64/6 + 2/(-3). What is the highest common factor of i and 10?
10
Let x(z) = 2*z + 4. Let s be x(5). Calculate the highest common divisor of s and 7.
7
Let k be (3048/22)/3 - 4/22. What is the greatest common divisor of 506 and k?
46
Suppose -2*s + 0*s = 168. Let v = -101 - -49. Let w = v - s. Calculate the greatest common factor of w and 80.
16
Suppose 2 + 12 = g. Suppose -g = 2*c - 4*c. What is the highest common factor of 56 and c?
7
Let g(a) = -a**2 - 12*a - 10. Let b be g(-4). Let x(r) = -55*r**3 + r**2 + r. Let h be x(-1). What is the highest common factor of h and b?
11
Suppose -t - 18 = -3*t. Suppose 3*s - t = 6. Suppose -s*z + 1 = 4*r, -r + 2*r - 13 = 3*z. Calculate the highest common factor of r and 2.
2
Suppose 9*n - 424 = 656. Calculate the highest common factor of n and 24.
24
Let d(j) = -j - 2 + 2 - 1. Let v be d(-5). Suppose -125 = -v*s + 51. Calculate the highest common divisor of s and 11.
11
Let m(i) = -i + 65. Let t be m(-19). What is the greatest common divisor of t and 21?
21
Let l = -11 - -19. What is the greatest common factor of 20 and l?
4
Let p(i) = -3*i**3 - 5*i**2 - 2*i + 4. Let g be p(-5). Calculate the highest common divisor of g and 24.
24
Let i = 15 - 11. What is the highest common divisor of i and 32?
4
Let i be (0/1)/(2 - 3). Suppose -y - 3*y + 8 = i. Let l = 1 - -15. Calculate the highest common factor of y and l.
2
Let y(t) = 2*t - 4. Let n be y(11). Suppose -w = 2*w - 18. What is the highest common factor of w and n?
6
Let v = -17 + 24. Calculate the highest common factor of v and 28.
7
Let o be 171*(10/(-15) - -1). What is the greatest common divisor of o and 19?
19
Suppose -3*k - 26 = -68. Calculate the greatest common divisor of k and 112.
14
Let a(w) be the second derivative of w**3/2 + w**2 - w. Let c be a(3). What is the highest common divisor of 77 and c?
11
Let g(t) = -t**2 - 8*t + 5. Let r be g(-8). Calculate the highest common factor of r and 45.
5
Suppose p - 4 = -p. Suppose 0 = p*g - 16 - 80. Calculate the highest common factor of g and 16.
16
Let c be 0 + ((-3)/3 - -4). Suppose 118 = -h + 3*h - 2*d, -d - 169 = -c*h. What is the greatest common divisor of 5 and h?
5
Suppose 0 = t + 4*x - 3*x - 39, -t - 3*x + 37 = 0. Calculate the greatest common factor of 30 and t.
10
Let f = 34 - 32. What is the greatest common divisor of 10 and f?
2
Suppose 27*u = 31*u - 860. What is the greatest common factor of u and 86?
43
Suppose 0 = 7*w + 146 - 426. Let x = 7 - -1. What is the highest common divisor of w and x?
8
Suppose 3*p + 0 - 12 = 0. Suppose 0*h - 56 = -p*h. Let i be -175*2*(-1)/5. Calculate the greatest common divisor of h and i.
14
Let d(b) = 2*b**2 - b - 6. Let y be d(6). Let x be ((-36)/(-24))/((-3)/(-24)). Calculate the highest common divisor of y and x.
12
Suppose -5*i + 56 = n - 54, -67 = -2*i - 5*n. Let l = -24 + 38. What is the highest common factor of i and l?
7
Let m be (0 - 2)/(2/(-49)). Let f(d) = d**2 + 3*d + 3. Let b be f(-4). Calculate the highest common divisor of m and b.
7
Suppose 2*k = -3*k + 40. Calculate the highest common factor of k and 32.
8
Let o = -2 - -5. Suppose 13 = o*g + 4. Let s = g - 1. Calculate the highest common divisor of s and 2.
2
Let u = 143 - 111. Calculate the greatest common divisor of u and 32.
32
Suppose 4*y - 59 = 13. Suppose -y = -2*i - 0*i. What is the greatest common factor of i and 6?
3
Let z = 168 + -60. Suppose -3*v + 33 = v - 5*k, 2*k + 10 = 0. Suppose -v*l - 2*l + z = 0. Calculate the greatest common factor of 18 and l.
9
Suppose 3*p - 2*p + 33 = -3*s, -15 = 3*s. Let u = 29 + p. Calculate the highest common divisor of 11 and u.
11
Suppose -2*n = -4*t + 3*n + 124, n - 48 = -2*t. Suppose o = -o + t. What is the greatest common divisor of o and 13?
13
Let j be (-3)/(-2)*20/15. Suppose -18 = -j*o + o. Calculate the greatest common divisor of 6 and o.
6
Let q(a) = -a + 1. Let m be q(-2). Suppose m = b + 1. Suppose -90 = -b*d + d. Calculate the highest common factor of 9 and d.
9
Let h be (-16)/12*(-6)/4. What is the greatest common factor of 5 and h?
1
Let s = 47 + -32. Let b be (-48)/s*20/(-4). What is the highest common factor of b and 144?
16
Let b be 6*(4/6 + 0). Suppose -z + b*o = 3*z, 5*z = -2*o + 28. Let h = 20 - z. What is the greatest common divisor of 64 and h?
16
Let c(u) = -u**3 - 22*u**2 - 44*u - 28. Let d be c(-20). Calculate the highest common factor of 78 and d.
26
Let g(q) = 128*q**3 + q**2 - 2*q + 1. Let b be -1 - (2/1)/(-1). Let w be g(b). Suppose -31*a + 30*a + 16 = 0. Calculate the greatest common factor of w and a.
16
Suppose 2*d + 2*d - 88 = 0. Let q be (-4)/(-22) + 18/d. Let i = q - -2. Calculate the highest common factor of i and 33.
3
Let f be (-111)/(-2) + (-6)/(-12). Suppose 0 = -w + 5*w - f. What is the greatest common divisor of w and 28?
14
Suppose 310 = 2*k - 338. Calculate the highest common factor of 36 and k.
36
Suppose -2*m + 4*g = m + 3, 0 = -5*m - g + 18. What is the highest common factor of m and 9?
3
Suppose 6 + 7 = v. Suppose 0 = 3*o - o - 208. What is the greatest common divisor of o and v?
13
Let f be (20/6)/(((-20)/(-12))/5). What is the greatest common factor of 40 and f?
10
Suppose -22 = 2*g - 24. Calculate the greatest common factor of 11 and g.
1
Suppose 8 = k - 38. Suppose -5*a + 55 = -j, 0 = -5*a + 2*a - 2*j + k. What is the highest common factor of 60 and a?
12
Let r(j) = 12*j. Let d be r(6). What is the greatest common factor of d and 18?
18
Suppose -4*s - 3 = 41. Let u = 1 - s. What is the greatest common divisor of 8 and u?
4
Let d = 74 - 51. What is the highest common factor of 184 and d?
23
Let l be (-6)/18 + 25/3. Let i(q) = q**3 - 9*q**2 + 9*q + 8. Let x be i(l). What is the greatest common divisor of 8 and x?
8
Suppose 0 = 2*g - 6*g + 16. Suppose -g*b + 7 = -5*j, 7*j - 5 = 2*j. Calculate the highest common factor of 24 and b.
3
Let d(i) = 4*i**2 - 3*i + 5. Let v be d(3). Calculate the greatest common divisor of 160 and v.
32
Suppose 2*u = 10, 4*z - 5*u - 6 = 21. Suppose -z - 69 = -2*h. Suppose 4*i - h = 55. Calculate the greatest common divisor of 6 and i.
6
Let z be (-1096)/22 + 22/(-121). Let f = z + 98. Calculate the highest common divisor of f and 12.
12
Suppose 0*u - u = 5*k - 66, -3*k = -2*u - 37. What is the greatest common divisor of k and 52?
13
Let m = -4 + -2. Let p be m/(-10) + 86/(-10). Let i = 16 + p. Calculate the highest common factor of 20 and i.
4
Suppose 4*q - 53 = -21. Let m(p) = 3*p + 6. Let i be m(q). Let j be 23 + (-2 - (-2)/(-2)). Calculate the highest common factor of j and i.
10
Let v(d) = 141*d**2 - d - 2. Let c be v(-2). Let j be 3/9 - c/(-9). Calculate the greatest common divisor of j and 7.
7
Suppose -4*o + 67 = -381. Let d = 20 - -11. Suppose -d = -2*h - 2*j + 1, 2*h - 36 = -4*j. What is the highest common divisor of o and h?
14
Let o be (-2)/7 - (-54)/42. Suppose -5*z = 5, -2*j - 5*z = -0*j - o. Let w be (-6)/(24/10)*-6. Calculate the greatest common factor of j and w.
3
Let r = -3 - -6. Suppose 4*w + 0 = 12. Calculate the highest common factor of w and r.
3
Let o = 0 + -4. Let y be ((-136)/12)/(2/(-3)). Let q = o + y. Calculate the greatest common divisor of q and 117.
13
Let c(d) = -3*d**2 - 5 + 2 + 2*d**2 + 6*d. Let k be c(5). Suppose 6*l - 88 = k*l. Calculate the highest common factor of l and 2.
2
Let h = -35 - -37. Suppose o - 8 - 15 = 4*x, -3*x = 2